-1?
-12021000
In base 4, what is 3 + 121002?
121011
In base 5, what is 2 - 310?
-303
In base 13, what is 3 + 297?
29a
In base 6, what is 5 - -124?
133
In base 14, what is 5 + -39?
-34
In base 4, what is 1201000 + 11?
1201011
In base 3, what is -1112 + 201?
-211
In base 3, what is -122022 + 0?
-122022
In base 14, what is 2 - -53?
55
In base 15, what is 337 - -2?
339
In base 11, what is -2 + -18?
-1a
In base 16, what is -1 - -51?
50
In base 6, what is 134 + -14?
120
In base 11, what is -1 - -59?
58
In base 8, what is 427 - -62?
511
In base 15, what is -4 + d?
9
In base 5, what is 24413 - 21?
24342
In base 16, what is 49 - 3?
46
In base 3, what is -11 - -2110?
2022
In base 8, what is 1 + -126?
-125
In base 13, what is -5 + a11?
a09
In base 6, what is 204 + -4?
200
In base 10, what is 163 - 3?
160
In base 6, what is -3 + 1512?
1505
In base 4, what is -1000303 - -10?
-1000233
In base 5, what is -4034 - 1?
-4040
In base 16, what is 1 + 2c?
2d
In base 7, what is -55 + -612?
-1000
In base 14, what is 23 - -1?
24
In base 12, what is -3 + 133?
130
In base 13, what is -c2 + 5?
-ba
In base 15, what is -c - -5?
-7
In base 9, what is 275 + -5?
270
In base 10, what is -2 - -410?
408
In base 13, what is -5 + -121?
-126
In base 2, what is 101000011110 - -11?
101000100001
In base 2, what is -101 - -11100?
10111
In base 15, what is -18 + 3?
-15
In base 2, what is 10 + -100100000?
-100011110
In base 10, what is -309 - 5?
-314
In base 5, what is -30 + -113?
-143
In base 11, what is -6 + 12?
7
In base 2, what is 1 + 10001100000?
10001100001
In base 11, what is -2201 + 4?
-21a8
In base 15, what is 42 - 16?
2b
In base 15, what is 38 + 0?
38
In base 3, what is -100221 + -2?
-101000
In base 9, what is 2 - -7?
10
In base 9, what is 0 - -18?
18
In base 5, what is 4 - 3341?
-3332
In base 13, what is -2 + -166a?
-166c
In base 4, what is -3 - -30033?
30030
In base 4, what is 303 - 302?
1
In base 7, what is 14 + 1265?
1312
In base 2, what is 100 + -100?
0
In base 12, what is -76 - -23?
-53
In base 5, what is -3412 - -4?
-3403
In base 9, what is 445 + 5?
451
In base 8, what is -1 - 260?
-261
In base 2, what is -10010 + -10111000?
-11001010
In base 11, what is 46 - 7?
3a
In base 3, what is -1022 + -20212?
-22011
In base 8, what is -2 + 177?
175
In base 4, what is 10 + 1003?
1013
In base 9, what is -5 + -812?
-817
In base 11, what is 5 - 443?
-439
In base 7, what is -600 - 1?
-601
In base 8, what is -362 + 2?
-360
In base 15, what is -29c + 0?
-29c
In base 13, what is -1916 - -2?
-1914
In base 8, what is -414 - -31?
-363
In base 16, what is -4 - 3d?
-41
In base 13, what is 2a0 - 3?
29a
In base 2, what is -1011000 - 10?
-1011010
In base 3, what is 111021 + -11?
111010
In base 9, what is -5 - -45?
40
In base 16, what is 3 - -e2?
e5
In base 10, what is 91 - -76?
167
In base 9, what is 42 - 3?
38
In base 10, what is -525 - -1?
-524
In base 8, what is 44 + 3?
47
In base 2, what is -1000 + 11000?
10000
In base 6, what is 343 + 3?
350
In base 4, what is -3 + -303?
-312
In base 5, what is -3 - -442?
434
In base 13, what is -2 + 13?
11
In base 14, what is 0 - -90?
90
In base 13, what is 469 - -3?
46c
In base 16, what is 8e5 + -5?
8e0
In base 8, what is 62 + 4?
66
In base 12, what is 3 + 7a?
81
In base 6, what is -215 + 4?
-211
In base 16, what is 1 + 657?
658
In base 3, what is 20122 - -1?
20200
In base 4, what is 3 + 2223?
2232
In base 6, what is -5 - -355?
350
In base 2, what is 11100 + 1111110?
10011010
In base 13, what is 82 + 73?
125
In base 8, what is 4 - -151?
155
In base 11, what is -2 - -3?
1
In base 9, what is 8 + 88?
107
In base 12, what is 425 - -2?
427
In base 15, what is 8b + 35?
c1
In base 9, what is 126 + -5?
121
In base 8, what is -10 - 100?
-110
In base 3, what is -12121 + 1020?
-11101
In base 15, what is 0 - c?
-c
In base 9, what is 53 + 8?
62
In base 8, what is 0 + -3604?
-3604
In base 5, what is 14 + 32014?
32033
In base 2, what is 100 + -111000111?
-111000011
In base 15, what is -b2 + -4?
-b6
In base 12, what is -60 - 5?
-65
In base 13, what is -35 - -32?
-3
In base 2, what is -10 + -101100?
-101110
In base 11, what is -4722 + 5?
-4718
In base 11, what is -43 - 1?
-44
In base 14, what is b5 + -9?
aa
In base 14, what is -7d + -3a?
-b9
In base 15, what is -10 + 4?
-b
In base 11, what is -35a + 0?
-35a
In base 15, what is 3 + 982?
985
In base 2, what is -1 + -1011001000010?
-1011001000011
In base 8, what is 17114 - -1?
17115
In base 3, what is -1100210 + 11?
-1100122
In base 16, what is 4 - b58?
-b54
In base 7, what is 1 + -1020?
-1016
In base 14, what is 1aa + 3?
1ad
In base 16, what is -26 - -2?
-24
In base 12, what is 15 - -4?
19
In base 4, what is 22 + 33?
121
In base 5, what is -2 + 103241?
103234
In base 6, what is -4 - 35?
-43
In base 9, what is 10 - -10?
20
In base 8, what is 2134 + 22?
2156
In base 14, what is 3 + 65?
68
In base 13, what is 80 + 7?
87
In base 6, what is -203 - -31?
-132
In base 4, what is 2 - 21110?
-21102
In base 9, what is 2 - -4301?
4303
In base 4, what is 100 - 1?
33
In base 3, what is 102212 - 12?
102200
In base 13, what is 2 + 296?
298
In base 5, what is 2 - -1033?
1040
In base 14, what is -9 - d?
-18
In base 16, what is -9 + 19c?
193
In base 13, what is -177 + -3?
-17a
In base 12, what is 82 + 68?
12a
In base 16, what is 0 - 39?
-39
In base 16, what is 4 + 1aa?
1ae
In base 2, what is 1100000 - 11101?
1000011
In base 7, what is 5 - 242?
-234
In base 5, what is -34241 - 10?
-34301
In base 4, what is 11 - -31321?
31332
In base 4, what is 1 - 2202?
-2201
In base 9, what is 5 - -137?
143
In base 4, what is 3311 + 0?
3311
In base 16, what is -7 - -d3?
cc
In base 8, what is 15 + -6?
7
In base 11, what is -1530 - 0?
-1530
In base 4, what is -11 + -100021?
-100032
In base 16, what is a63 - 0?
a63
In base 9, what is -77 - 20?
-107
In base 10, what is 3 - -57?
60
In base 16, what is af - -6?
b5
In base 8, what is -213 + 4?
-207
In base 16, what is -3d + -31?
-6e
In base 5, what is -4 + 20312?
20303
In base 11, what is 8 + -106a?
-1062
In base 2, what is 100011 - 1100?
10111
In base 8, what is -4 - 103?
-107
In base 6, what is -433 - 2?
-435
In base 6, what is -230 - 443?
-1113
In base 12, what is 5 - 30?
-27
In base 16, what is 0 - 0?
0
In base 14, what is -75 + -16?
-8b
In base 6, what is 1034 - 32?
1002
In base 13, what is 4 + 1515?
1519
In base 14, what is a3 + 39?
dc
In base 12, what is 2 - 2ab7?
-2ab5
In base 15, what is 5 + -22?
-1c
In base 3, what is 11 + 1100?
1111
In base 2, what is 0 + 1000011?
1000011
In base 12, what is 21 - 2?
1b
In base 7, what is 4 - -160?
164
In base 7, what is 3211 - 32?
3146
In base 4, what is 112 + -3020?
-2302
In base 2, what is -10011 - -100100001?
100001110
In base 12, what is -4 + -20?
-24
In base 4, what is 1033 - 1011?
22
In base 5, what is -10 - -432?
422
In base 4, what is 3330 - 11?
3313
In base 5, what is 11 + -122?
-111
In base 11, what is -4 - 217?
-220
In base 11, what is -69 - 5?
-73
In base 10, what is 250 + 4?
254
In base 14, what is 0 + 1?
1
In base 15, what is -143 + -1?
-144
In base 4, what is -1 + -20221?
-20222
In base 12, what is -b9 - -4?
-b5
In base 4, what is -2 + -230?
-232
In base 16, what is 5 - 7?
-2
In base 9, what is 2 + 73?
75
In base 14, what is -1b + 1?
-1a
In base 7, what is 2 - -12635?
12640
In base 3, what is 112 - 2101?
-1212
In base 9, what is -18668 + 3?
-18665
In base 12, what is b2 - -3?
b5
In base 2, what is -10001 + 1000111?
110110
In base 6, what is 3 + -1431?
-1424
In base 13, what is -2 + -14b?
-150
In base 12, what is 3 + -631?
-62a
In base 3, what is 101 + 1202?
2010
In base 3, what is 2 - -101021?
101100
In base 12, what is 0 + a?
a
In base 5, what is -4 + -213?
-222
In base 16, what is -7c - 2?
-7e
In base 5, what is 31 + 20?
101
In base 5, what is -4 - 423?
-432
In base 11, what is 90 - -175?
255
In base 15, what is -1b + -19?
-35
In base 3, what is -102111 + -12?
-102200
In base 6, what is -1 - -101?
100
In base 10, what is 1 + 406?
407
In base 16, what is 3 - -2?
5
In base 15, what is -401 - 2?
-403
In base 10, what is -1 + -86?
-87
In base 15, what is -7 - 74?
-7b
In base 3, what is -101 + -2?
-110
In base 15, what is 1 + -1db?
-1da
In base 7, what is -6 - 523?
-532
In base 13, what is -11a + 2?
-118
In base 13, what is -6c + b2?
43
In base 9, what is 